 4. Let w(o) = o**2 + 1. Let a(p) = p**3 - 2*p**2 - 9*p + 2. Let r(k) = a(k) - 5*w(k). Determine r(v).
-11
Let q(j) = -j**2 + 19*j + 120. Suppose -2*f + 49 = -1 + 2. Calculate q(f).
0
Let y(n) be the first derivative of n**2/2 + 7*n + 482. Give y(-12).
-5
Let m = -1 - 4. Let i be (m - -4)*(-1 + 1). Let d(z) be the first derivative of z**4/4 - z**3/3 - z**2/2 + z - 3415. Determine d(i).
1
Let b(j) = -2 - j + 2 - j**3 - 1. Suppose 7622 = 4*i + c + 7620, -c + 6 = 0. Calculate b(i).
1
Let o(v) = -v**2 - 3*v - 103. Let q be o(0). Let h = -98 - q. Let t(z) = -z**3 + 7*z**2 - 8*z + 7. Determine t(h).
17
Let s(n) = n**2 + 8*n + 1. Let r(g) = 20*g - 424. Let m be r(21). What is s(m)?
-15
Let s be 1201/6 - 6/36. Let n = 198 - s. Let f(l) = -l**3 - 4*l**2 - 2*l - 2. Give f(n).
-6
Let w(o) be the third derivative of -o**6/120 + o**5/15 - o**4/12 + o**3 + 225*o**2. Suppose -22 = 2*l - 4. Let x = l - -13. Calculate w(x).
-2
Let a(c) = 2*c**3 - 8*c**2 - 11*c. Let j be (22/4)/1 - (630/(-28))/(-45). Give a(j).
-5
Let v(i) = 9*i**2 + 14*i**2 + 2*i**3 + 6*i**2 - 35*i**2 + 5*i + 1. Calculate v(3).
16
Let s(u) = -7*u + 2 + 3 - 4 + 6*u - u**2 + 0*u**2. Suppose -17*q = -7 - 27. Determine s(q).
-5
Let s(d) = -69*d + 207. Let t(a) = -33*a + 104. Let v(u) = -7*s(u) + 15*t(u). What is v(9)?
3
Suppose 18*z = 22*z. Suppose z = -14*u - 27 + 13. Let y(v) = 3*v**3. Calculate y(u).
-3
Let x(d) = d - 4. Let n(b) be the second derivative of -3*b**3 + 54*b**2 - 288*b. Let c be n(6). Calculate x(c).
-4
Let q = 4595 - 4601. Let s(i) = i**3 + 3*i**2 + 12*i + 6. Let n(u) = 2*u**3 + 5*u**2 + 25*u + 13. Let b(c) = 4*n(c) - 9*s(c). Give b(q).
10
Suppose -5*g + 5 + 5 = 0. Let p(s) = 1 + 6*s + 1777*s**2 - 7*s - 1782*s**2. Give p(g).
-21
Let q(x) = x + 7. Let c(a) = -2*a**3 + 4*a**2 + 8*a - 15. Let v be c(2). Let g be -3 + (-4 + 13)*v. Give q(g).
13
Let k be (170 - 162 - 2/((-2)/(-3))) + -5. Let z(a) be the third derivative of 0 - 6*a**2 - 3/20*a**6 + k*a**4 - 1/6*a**3 + 1/30*a**5 + 0*a. What is z(1)?
-17
Let p(t) = t**3 - t**2 - t. Let b(k) = 6*k**3 + 7*k**2 + 7*k + 5. Let m(q) = b(q) - 5*p(q). Let w = -704 + 711. Suppose 0 = -3*o - 26 - w. What is m(o)?
-6
Let x(m) = -3*m**2 + 3*m. Let a(z) = z**2 - 2*z. Let r(h) = 5*a(h) + 2*x(h). Let o be r(-3). Let b(t) = 2 - o - 3*t - 5 - 1. What is b(-6)?
11
Let w(r) = 2*r + 10. Suppose -4*i = i + 2*h - 10, h + 4 = 2*i. Suppose 33 = -x + i*n - 19, 0 = -x - 2*n - 36. Let d = 37 + x. Determine w(d).
-4
Let x(g) = g + 8. Let v(y) = -y. Let r(w) = 2*v(w) + x(w). Let z be 100/8*(-16)/20. Let p be -12 + 13 - (2 + z). Calculate r(p).
-1
Let o(l) = 41*l**3 + 53*l**2 - 18*l - 29. Let m(q) = 9*q**3 + 13*q**2 - 5*q - 7. Let d(g) = 9*m(g) - 2*o(g). Determine d(10).
5
Let g(a) = -57*a + 12. Suppose 0 = -5036*d + 4880*d - 312. Determine g(d).
126
Let m(h) = 108*h - 34*h + 3 - 1 - 41*h - 32*h. Let f = -27 + 48. Let u = -27 + f. What is m(u)?
-4
Let j(o) = -386*o + 9*o**2 - 22 + 452*o - 145*o. What is j(9)?
-4
Let i(o) = o**2 + 13*o + 12. Let p be i(-12). Let s(q) = 458*q - 2 - 460*q + 0 + p. Calculate s(-4).
6
Suppose 28*g - 64 = 31*g - 7*g. Let h(b) = 3*b**2 - 48*b. Calculate h(g).
0
Let r(a) be the second derivative of 2*a**3/3 + 3*a**2/2 - a + 1. Let h = -148 - -147. Determine r(h).
-1
Let l(q) = 3*q**3 + 17*q**2 - 38*q - 195. Let h be l(-6). Let u(i) be the first derivative of -1 - 3*i - 3/2*i**2. Calculate u(h).
6
Let j(i) = i**2 + 14*i - 135. Let f(s) = s**2 + 12*s - 137. Let p(u) = 6*f(u) - 5*j(u). Let d(a) be the first derivative of p(a). Give d(-3).
-4
Let f(k) = 26*k + 20 - 134*k + 22 + 38*k + 53*k. Give f(2).
8
Suppose 4*l = 0, 0*v + 2*v - l + 432 = 0. Let s = 211 + v. Let x(y) be the first derivative of -y**2 - 5*y - 1. What is x(s)?
5
Suppose 499*l = 544*l + 180. Let w(x) = 2*x - 6. Calculate w(l).
-14
Let o(b) be the third derivative of 67*b**4/24 - 68*b**3/3 - 7933*b**2. Determine o(2).
-2
Let s(b) = 61 + 681*b + 681*b - 1358*b - 26. Determine s(-11).
-9
Let k(y) = 7*y**2 - 3*y + 2. Suppose -x + 3*s + 75 = 0, 3*x - 165 = 2*s - 5*s. Suppose 4*b + x = 8. Let w = 15 + b. Determine k(w).
24
Let q = 1049 - 560. Let d = q + -486. Let v(u) = -u**2 + 2*u - 4. Determine v(d).
-7
Let f(y) = y**2 + 5*y - 3. Suppose -z + 5*n = -0*z + 24, 5*z = -2*n + 15. Let p(k) = 2*k**2 - 8*k - 1. Let s be p(4). Let a be (-2 - s) + (-2 - z). Give f(a).
-7
Let i = 125 - 69. Suppose -i = 4*b - 8. Let c be (b/(-6) - 3)*13. Let r(o) = -o**3 - 12*o**2 + 13*o - 1. Determine r(c).
-1
Let y(m) be the second derivative of m**5/20 - 2*m**4/3 + 2*m**3/3 + m**2/2 - 622*m. Calculate y(8).
33
Let y(j) = 2*j - 1. Suppose -10*h + 13*h - 37 = 4*t, 5*h - 56 = t. Suppose 5 = 4*s - 3. Suppose -h = s*c - 9. Calculate y(c).
-3
Let k(v) = v**3 - 11*v**2 - 12*v + 1. Suppose -20*q + 12 = -18*q. Let a be (1 - -2)*(q + -2). Determine k(a).
1
Let z be 33/(-22) + -3*117/(-216). Let l(a) be the third derivative of -z*a**4 + 0*a - 5*a**2 - 1/6*a**3 + 0. Determine l(4).
-13
Let r = 179 + -182. Let c(x) = 8*x + 5. Let l(k) = 9*k + 6. Let u(z) = r*l(z) + 4*c(z). What is u(5)?
27
Let t(u) = u**2 - 6*u - 16. Suppose -15*c = -2*c - 15*c + 14. Calculate t(c).
-9
Let g(b) = -5*b - 4. Let x be g(1). Let i(v) = -v**3 + 19*v**2 - 8*v - 2. Let j(h) = -2*h**3 + 40*h**2 - 16*h - 2. Let u(a) = x*i(a) + 4*j(a). Calculate u(10).
-10
Let y(m) be the first derivative of -29*m**2 - 2*m - 12. Let d be y(1). Let k = d - -68. Let o(c) = -c**3 + 9*c**2 - 7*c - 2. Give o(k).
6
Let x(g) = -g - 3. Let q(y) = 11*y**2 - 2 + 4*y**3 + 3 - 10*y - 5*y**2 - 5*y**3. Let v be q(3). What is x(v)?
-1
Let x(o) be the third derivative of o**5/60 - 5*o**4/24 + o**3/3 - o**2. Let g be (2 - -9) + (-4)/1*(-1455)/(-970). Calculate x(g).
2
Let k(c) = 3*c + 6. Let f = -201 - -184. Let m = f - -11. Determine k(m).
-12
Suppose 484 = 4*s + 4*m + 4008, 0 = 2*s - 2*m + 1746. Let q = -874 - s. Let c(r) be the second derivative of -7*r**3/6 + r**2/2 + r. Determine c(q).
-20
Let s(f) be the third derivative of f**6/60 - f**5/12 + f**4/6 - f**3/6 + 145*f**2. What is s(3)?
20
Let o(p) be the first derivative of -p**3 + 18 - p**2 + 0*p - 1/2*p**4. Let q = 21 - 23. Give o(q).
8
Suppose g + 36 = -5*g + 9*g. Let l(s) = -56*s + 679. What is l(g)?
7
Suppose -5 = -v + 49*l - 48*l, -v = 2*l + 7. Let n(u) = -14*u + 2. Give n(v).
-12
Let i be (-7119)/(-35) + (-4)/10 - 2. Let t = -105 + i. Let c = t - 101. Let f(n) = -n**2 - 6*n - 4. Give f(c).
1
Let g = -483 - -493. Let j(n) = -3*n - 5*n - 7*n + 19*n + g. Give j(8).
42
Let q(y) = -y**3 + 7*y**2 - 10*y - 5. Let f be -2 - (5 + -8) - 4. Let z be f/(3 - ((-54)/(-15) - 0)). Determine q(z).
-5
Let s(l) = -41981*l**2 + 218*l**3 + 41956*l**2 + 22 - 220*l**3 - 15*l. Determine s(-12).
58
Let u(y) = 67*y**3 - y**2 + 11*y + 31. Let t(g) = 92*g**3 - g**2 + 15*g + 41. Let c(w) = 8*t(w) - 11*u(w). What is c(4)?
-33
Let f(o) = -5 - 11*o - 8*o - 3 + 25*o. What is f(3)?
10
Let z = 192 + -184. Suppose 0 = -z*j + 16*j + 8. Let y(d) = d - 4*d - 16*d. Calculate y(j).
19
Let d(b) = b**2 + 9*b + 11. Suppose -291*z + 288*z - 3*y - 21 = 0, -5*z = -y + 47. Calculate d(z).
11
Let g(j) be the second derivative of j**3/2 + 9*j**2 - 90*j. Let d(h) = 2. Let v(b) = 6*d(b) - g(b). What is v(-3)?
3
Let w(t) be the second derivative of -3*t**5/20 - 3*t**4/4 - t**3/2 + 7*t**2/2 - 39*t + 3. Give w(-3).
16
Let q(r) be the first derivative of -r**5/20 - r**4/4 + r**3/6 + r**2 + 14*r + 291. Let h(s) be the first derivative of q(s). Determine h(-2).
-4
Let w(n) be the second derivative of -7*n**3/6 + 18*n**2 + 2548*n. What is w(0)?
36
Let r(f) = -f**3 - 8*f**2 - 17*f - 8. Let s be r(-5). Let i(o) = 68*o + 8. Let v(x) = 4*x + 1. Let t(c) = -i(c) + 16*v(c). Give t(s).
0
Let p(c) = 568 + 3*c + c - 176 - 174 - 165. Determine p(-13).
1
Let q(n) = -n**2 - 18*n + 38. Let y be q(-20). Let i(f) = f - 6. Let b(w) = 6*w - 18. Let t(d) = y*b(d) + 6*i(d). Give t(2).
-12
Suppose -157*a = -296 - 175. Let z(u) = -u**2 + 4*u - 2. Calculate z(a).
1
Suppose 5*x - 285 = -4*q, q - 2*x = -5*x + 73. Suppose -3*c = 11*c - q. Let n(y) = y - c*y - 6*y. Calculate n(1).
-10
Let p(j) = -j**2 - 19*j - 77. Suppose y = 4*l + 23, 22*y = -2*l + 20*y - 14. Calculate p(l).
1
Let q be (-4)/((42/(-6))/(-14)). Let h(o) be the first derivative of o**4/4 + 8*o**3/3 + o**2 + 6*o - 663. What is h(q)